t is the remainder when 3072318 is divided by 570?
18
What is the remainder when 2021983 is divided by 1010989?
5
What is the remainder when 190033893 is divided by 292?
1
Calculate the remainder when 450887 is divided by 2509.
1776
What is the remainder when 842290771 is divided by 3137?
3134
Calculate the remainder when 91961889 is divided by 732.
729
What is the remainder when 8516242 is divided by 447?
445
Calculate the remainder when 55721 is divided by 2769.
341
Calculate the remainder when 301794 is divided by 134.
26
Calculate the remainder when 749322 is divided by 53523.
0
What is the remainder when 3793997 is divided by 7?
4
What is the remainder when 19562830 is divided by 732?
130
What is the remainder when 656754 is divided by 6208?
4914
Calculate the remainder when 5052466 is divided by 17127.
1
Calculate the remainder when 28734 is divided by 7138.
182
What is the remainder when 2251245 is divided by 2251238?
7
What is the remainder when 393044 is divided by 43655?
149
What is the remainder when 39176723 is divided by 11966?
39
Calculate the remainder when 14420112 is divided by 34.
32
What is the remainder when 49088 is divided by 16088?
824
Calculate the remainder when 185780179 is divided by 10.
9
What is the remainder when 292906 is divided by 4003?
687
Calculate the remainder when 143142 is divided by 13005.
87
Calculate the remainder when 17821471 is divided by 736.
703
Calculate the remainder when 4087462 is divided by 9062.
500
What is the remainder when 48671642 is divided by 21?
5
What is the remainder when 3471613 is divided by 867901?
9
Calculate the remainder when 36695 is divided by 101.
32
What is the remainder when 5487414 is divided by 422108?
10
What is the remainder when 134263 is divided by 94?
31
What is the remainder when 2489662 is divided by 414941?
16
What is the remainder when 762612 is divided by 1929?
657
Calculate the remainder when 6541415 is divided by 42.
41
What is the remainder when 11988489 is divided by 284?
281
What is the remainder when 1774795 is divided by 937?
117
What is the remainder when 34259810 is divided by 3732?
50
What is the remainder when 781411 is divided by 317?
6
What is the remainder when 44773 is divided by 220?
113
Calculate the remainder when 328017 is divided by 163947.
123
What is the remainder when 376811909 is divided by 9?
8
What is the remainder when 78290 is divided by 8179?
4679
What is the remainder when 503435 is divided by 83899?
41
What is the remainder when 1621422 is divided by 95377?
13
What is the remainder when 6585427 is divided by 243904?
19
Calculate the remainder when 205855039 is divided by 5056.
5055
Calculate the remainder when 55420 is divided by 353.
352
What is the remainder when 264850 is divided by 1287?
1015
Calculate the remainder when 675153 is divided by 28.
17
Calculate the remainder when 3200938 is divided by 9305.
18
What is the remainder when 458979 is divided by 162?
33
What is the remainder when 1059754 is divided by 1011?
226
What is the remainder when 2519005 is divided by 6629?
6614
Calculate the remainder when 496138 is divided by 851.
5
Calculate the remainder when 4753781 is divided by 1166.
1165
Calculate the remainder when 21481 is divided by 197.
8
What is the remainder when 141587 is divided by 585?
17
What is the remainder when 109319707 is divided by 19?
15
Calculate the remainder when 4133297 is divided by 1482.
1481
What is the remainder when 24142 is divided by 11?
8
What is the remainder when 7784 is divided by 1126?
1028
What is the remainder when 6393555 is divided by 913256?
763
What is the remainder when 254690 is divided by 36146?
1668
Calculate the remainder when 1879655 is divided by 19996.
31
What is the remainder when 49615 is divided by 67?
35
What is the remainder when 959607 is divided by 15?
12
Calculate the remainder when 16356305 is divided by 605789.
2
Calculate the remainder when 71032 is divided by 2628.
76
Calculate the remainder when 33484890 is divided by 5580814.
6
Calculate the remainder when 2169650 is divided by 448.
434
What is the remainder when 38508 is divided by 6239?
1074
What is the remainder when 139921317 is divided by 380?
377
What is the remainder when 1072479 is divided by 176?
111
What is the remainder when 3896185 is divided by 3896147?
38
What is the remainder when 4527039 is divided by 92?
87
Calculate the remainder when 13951597 is divided by 4.
1
What is the remainder when 16688 is divided by 5461?
305
Calculate the remainder when 3156143 is divided by 2201.
2110
What is the remainder when 83477426 is divided by 18?
14
Calculate the remainder when 50860 is divided by 1597.
1353
What is the remainder when 5484896 is divided by 1828297?
5
What is the remainder when 1739477 is divided by 29988?
173
What is the remainder when 143189444 is divided by 24?
20
Calculate the remainder when 10218830 is divided by 6886.
6
What is the remainder when 1406255 is divided by 13?
6
Calculate the remainder when 704861 is divided by 513.
512
Calculate the remainder when 15238093 is divided by 4884.
13
What is the remainder when 5961416 is divided by 64?
8
Calculate the remainder when 5274809 is divided by 435.
434
What is the remainder when 2013587 is divided by 645?
542
What is the remainder when 5967158 is divided by 22?
10
What is the remainder when 494499 is divided by 246281?
1937
What is the remainder when 1271123 is divided by 804?
803
What is the remainder when 75071 is divided by 75029?
42
Calculate the remainder when 191591495 is divided by 204.
203
Calculate the remainder when 976478 is divided by 2986.
56
Calculate the remainder when 183548441 is divided by 14.
13
What is the remainder when 2154465 is divided by 1076776?
913
Calculate the remainder when 13069557 is divided by 60.
57
Calculate the remainder when 28088 is divided by 2229.
1340
Calculate the remainder when 28723 is divided by 5625.
598
What is the remainder when 33794998 is divided by 2287?
2286
What is the remainder when 106579411 is divided by 451?
444
What is the remainder when 19230026 is divided by 1865?
11
Calculate the remainder when 243053 is divided by 6065.
453
Calculate the remainder when 94390 is divided by 54.
52
Calculate the remainder when 681769 is divided by 2868.
2053
Calculate the remainder when 37970837 is divided by 414.
413
Calculate the remainder when 79645 is divided by 1025.
720
What is the remainder when 62799213 is divided by 71?
68
Calculate the remainder when 668896 is divided by 3658.
3140
What is the remainder when 676122 is divided by 236?
218
Calculate the remainder when 604279 is divided by 15105.
79
What is the remainder when 85329 is divided by 87?
69
Calculate the remainder when 6147360 is divided by 41.
25
What is the remainder when 719099 is divided by 359379?
341
Calculate the remainder when 10509792 is divided by 40.
32
What is the remainder when 165295324 is divided by 208?
12
Calculate the remainder when 43143314 is divided by 540.
14
Calculate the remainder when 28710298 is divided by 9570097.
7
Calculate the remainder when 8509 is divided by 545.
334
What is the remainder when 215269 is divided by 23899?
178
What is the remainder when 2129818 is divided by 42?
40
Calculate the remainder when 15406076 is divided by 13.
10
What is the remainder when 7658 is divided by 7313?
345
What is the remainder when 13689097 is divided by 386?
379
Calculate the remainder when 864601 is divided by 84.
73
What is the remainder when 328398066 is divided by 530?
526
What is the remainder when 1999741 is divided by 254?
253
Calculate the remainder when 7663259 is divided by 1750.
9
What is the remainder when 16395806 is divided by 93?
92
Calculate the remainder when 1358072 is divided by 203.
2
Calculate the remainder when 2682504 is divided by 12831.
825
What is the remainder when 299523 is divided by 147967?
3589
Calculate the remainder when 25736500 is divided by 236.
228
Calculate the remainder when 3539419 is divided by 28.
23
Calculate the remainder when 110804 is divided by 2345.
589
Calculate the remainder when 7127772 is divided by 89097.
12
What is the remainder when 5669877 is divided by 1059?
1050
Calculate the remainder when 12806854 is divided by 279.
196
Calculate the rema